= 0. Let n(k) be the first derivative of k**2 + k + 5. What is n(x)?
3
Suppose -3*m = -5*m + 3*d + 6, 2*d - 12 = -4*m. Let g = 0 - -2. Let h(o) = -2*o**m + 3*o - g*o + 0*o. What is h(1)?
-1
Let w(q) be the first derivative of -q**3/3 + 3*q**2/2 + 5*q + 1. Let c(r) be the first derivative of r**2 + 30*r - 4. Let m be c(-13). Calculate w(m).
1
Let f(p) = -p**2 + 10*p + 31. Let r be f(12). Let c(u) = u**2 - 9*u + 5. Determine c(r).
-9
Let d(s) be the third derivative of -s**6/120 - s**5/12 - s**4/4 - 2*s**3/3 + s**2. Suppose 5*v + 1 = -4*g, 0 = -2*g - 0*v + v - 11. What is d(g)?
4
Let m(n) be the first derivative of -n**3/3 + 4*n**2 - 5*n - 16. Determine m(4).
11
Let a(l) = 5 + 4*l**3 + l - 7*l**3 + 4*l**3 - 3*l**2 - l**2. Determine a(4).
9
Let v be 2/(-3) - 6/(-9). Let o be 16 + (-2 - -2) + 0. Let t(k) = 1 + 15*k - 4 - o*k + k**2. What is t(v)?
-3
Let s(z) be the second derivative of 2*z**2 + 1/12*z**4 - z - 2/3*z**3 + 0. Let i = 12 - 7. Determine s(i).
9
Let w(j) = -4*j**2 + j. Let x be w(1). Let c(s) be the first derivative of 2*s**3/3 + 5*s**2/2 + 4*s + 2. What is c(x)?
7
Let i(y) = y**2 - 4*y - 1. Let g be i(5). Let k(h) = -h + 7. Let l be k(g). Let d(u) = -u**3 + 4*u**2 - 2*u + 2. Determine d(l).
5
Let s(q) = -13*q + 3 - 5*q + 16*q. What is s(5)?
-7
Let m be (6/18)/(6/9). Let i(k) be the third derivative of 1/30*k**5 - 1/12*k**4 + 0*k - m*k**3 + 1/60*k**6 - k**2 + 0. Determine i(-2).
-7
Let j(w) = w**2 + 2*w + 2. Let z(b) = -4*b**2 - 7*b - 9. Let g(a) = 5*a - 1. Let d be g(1). Let q = 2 - d. Let n(c) = q*z(c) - 9*j(c). What is n(-2)?
4
Let j(a) = 5*a**2 + 9*a. Let n(y) = -4*y**2 - 9*y + 1. Let k(f) = 5*j(f) + 6*n(f). Determine k(8).
-2
Suppose -f - 3*q = -2, -4*f + q - 2*q = -8. Let w(m) = 2*m**2 - 3*m + 4 - m - m**f. Suppose j + 1 = 2*d, 9*j - 11 = 4*j + 2*d. What is w(j)?
1
Let r be 2 + (-1 - 10) + 2. Let i(s) = 2*s**2 + 5*s + 31. Let k(p) = p**2 + 2*p + 16. Let v(j) = 6*i(j) - 11*k(j). Determine v(r).
3
Let l(w) = 4*w**2 - 5*w**2 - w + 2*w**2 + 0*w**2 + w**3 - 8. Suppose 0 = 2*v - 0*v. Calculate l(v).
-8
Let c(o) = -1 + 3 + 5*o - 2. Let b(v) = 11*v - 1. Let a(y) = 4*b(y) - 9*c(y). Determine a(-2).
-2
Let j(r) = -41*r**3 + 4*r**2 + 5 - 7 + 17*r + 8*r**3 - 3. Let t(h) = 8*h**3 - h**2 - 4*h + 1. Let l(p) = -2*j(p) - 9*t(p). Give l(-1).
6
Let b(p) = -2*p - 2. Let t = 5 - 8. Let r = t - -3. Suppose r = 3*o + 1 - 7. What is b(o)?
-6
Let h(t) = 0*t**2 - 2 + t**3 + 0*t**3 + 3 - 2*t**2 - 2*t. Let b be h(2). Let z(f) = 4*f. Let d(k) = -5*k - 1. Let x(c) = 5*d(c) + 6*z(c). Give x(b).
-2
Let s be (3/(-6))/(3/(-54)). Let x(p) = s*p - 2 + p**2 + 0*p**2 + 3. What is x(-7)?
-13
Let i(v) = -v**2 + 5*v - 1. Let m = 17 + -13. Give i(m).
3
Let b(k) = -k**3 - k - 14. Let g = 23 - 23. Give b(g).
-14
Let q(z) = z. Let s(o) = 4*o - 1. Let h(d) = -9*q(d) + 2*s(d). Give h(-7).
5
Let r(h) be the second derivative of h**4/12 + 5*h**3/6 - h**2/2 - 9*h. Calculate r(-6).
5
Let k(u) be the second derivative of u**4/6 - u**3/3 - u**2 + 6*u. Determine k(3).
10
Suppose -4*c = -0*c. Let r(q) = q - 6. Let p = 3 - 6. Let s(k) = -2*k + 11. Let a(n) = p*s(n) - 7*r(n). Calculate a(c).
9
Suppose 0 - 3 = -3*i. Let x(t) be the third derivative of t**6/15 - t**4/12 + t**3/6 - 9*t**2. Determine x(i).
7
Let u(o) = -o**3 + 2*o + 1. Let a(n) = -3*n**3 + 2*n**2 - n. Let z be a(1). Calculate u(z).
5
Suppose 2*y - 8 = -3*f, 3*y - 12 = 5*f - 2*f. Let x(p) = -p**2 + 3*p. Give x(y).
-4
Let f(i) = i**3 - 2*i**2 + i. Let m be 30/(-21) + (-8)/14 + 4. What is f(m)?
2
Suppose -j = -2, 0*d - d - 2*j = -7. Suppose 5*t + 3*f = 25, 4*t - 4*f = d*t - 18. Let z(l) = -l**2 + 5*l + 3*l - t*l - 4. Give z(5).
1
Let o(r) = -2*r**2 - 2*r + 6*r**2 - 3*r**2 - 2. What is o(4)?
6
Let y be 8/(1 + 3) + 0 + 0. Let p(c) = 2*c**2 - 2*c**2 - 2*c**2 - c + 1. What is p(y)?
-9
Let r(b) be the first derivative of b**3/3 - 2*b**2 + 6*b - 9. Determine r(4).
6
Let k(n) be the third derivative of n**7/2520 - n**6/120 + n**5/20 - 2*n**2. Let i(p) be the third derivative of k(p). Let w = 6 + -2. Calculate i(w).
2
Let j = -4 + 6. Let v(c) = -1 + 0 - j*c + 6. Let h(a) = a**2 + 1. Let i be h(2). What is v(i)?
-5
Let c(h) be the third derivative of -h**8/20160 - h**7/720 - h**6/720 - h**5/20 - 2*h**2. Let a(r) be the third derivative of c(r). Determine a(-6).
5
Let s(f) = -2*f - 5. Suppose -2*x - 3 = -b, 2*x - 4 = 4*b - 22. Calculate s(b).
-15
Let x(b) = 6*b**2 - 6*b**3 - 2*b**2 + 6*b + 5*b**3 + 1. Determine x(5).
6
Suppose 0 = 2*v - 0*v - 4. Suppose 2*q + 2*q - 16 = 0. Let i(m) = -q + m**2 + 1 + 2*m - 2*m**3 + 2*m. What is i(v)?
-7
Let b = -12 + 13. Let g(s) = 9*s**2 - b + s + 5*s**2 - 3 + 3. What is g(1)?
14
Let q(s) be the third derivative of -s**7/840 - s**6/72 - s**5/40 + s**3/6 - s**2. Let c(i) be the first derivative of q(i). Determine c(-2).
-6
Suppose -3*p = 5*v + 23, 4*p + v = 1 - 9. Let b(w) = 2*w**2 + 4*w - 1. Let j(x) = 4*x**2 + 7*x - 2. Let i(y) = 7*b(y) - 4*j(y). Give i(p).
-1
Let b(n) = n + 13. Let q be b(-12). Let g(h) be the first derivative of -7*h**3/3 - h**2 + h + 1. Give g(q).
-8
Suppose x - 26 = -18. Let f = x + -14. Let t(v) = -v**3 - 7*v**2 - 8*v - 9. What is t(f)?
3
Let r(y) be the third derivative of -5*y**4/24 - y**3/2 - 2*y**2. Suppose -4*n + 2*a = 0, -5*n + 6 = -2*a - 2*a. Give r(n).
7
Let u = -1 + 2. Suppose 2*r - 2*d = 12, -3*d - 17 = -2*r - u. Let s(j) = 13*j**2 - 11*j. Let m(w) = 3*w**2 - 3*w. Let h(y) = r*s(y) - 9*m(y). Determine h(5).
0
Let i(z) = -3 + 2*z**2 + 2*z**2 + 0*z**2 + 2*z - 3*z**2. Suppose 0 = 5*q - 15, 2*q - 5 = 2*u - q. Let h be (-2 + 5 + 1)/u. Determine i(h).
5
Let r = 8 + -3. Suppose -3*f - 5*y + 2 - r = 0, -3*y = 0. Let w(n) = -n + 8*n**3 - n + 0 - n**2 - 1. Calculate w(f).
-8
Let m(h) = h - 5. Let u be m(2). Let g(q) = -q - 2. Give g(u).
1
Let g(c) = -c. Let q(j) = 6*j + 1. Let m(f) = 5*g(f) + q(f). Let k = 2 - -1. Suppose 0 = -5*b - k*a - 7 + 1, -5*b = -5*a + 30. What is m(b)?
-2
Let n = 109 - 114. Let u(c) = -4*c - 3*c**2 + 7 + c**2 + c**2. Give u(n).
2
Suppose -3*y + 15 = -0*y. Suppose -2 = -2*f + 4. Suppose -y - f = 2*u. Let a(j) = -3*j - 6. Give a(u).
6
Let i(z) = 540*z**2 - 539*z**2 + 0 + 9*z + 8. Determine i(-6).
-10
Let o = -216 - -220. Let z(d) be the third derivative of 7/24*d**4 + 0 - o*d**2 + 5/6*d**3 + 0*d + 1/10*d**5 + 1/120*d**6. Give z(-4).
9
Let b(z) = -z**3 - z + 2. Let p = -2 - -1. Let j = 3 + p. Suppose -d = j*d. What is b(d)?
2
Let q(k) = k**3 + 4*k**2 + 2*k - 2. Let z be q(-2). Let f(x) = -2*x**2 + 2*x**z + 6*x - x**2 - 3. Calculate f(5).
2
Let f(m) be the second derivative of m**3/6 + m**2/2 + 5*m. Calculate f(3).
4
Let f(d) = d**2 - 5*d + 6. Let j(s) = s**3 - 6*s**2 - 6*s - 2. Let n be j(7). Give f(n).
6
Suppose 2 = -x + 4. Let r be x - -4 - 2/1. Suppose v + 0*v - r = 0. Let p(n) = n**3 - 5*n**2 + 3*n + 2. Give p(v).
-2
Let p(x) = x - 12. Let w(o) = o - 13. Let s(b) = 6*p(b) - 5*w(b). Give s(5).
-2
Let q be (4/(2 - 6)*5)/1. Let o(w) be the second derivative of w**6/720 - w**5/60 + w**4/12 - w. Let j(z) be the third derivative of o(z). What is j(q)?
-7
Let y(o) be the first derivative of o**2/2 - 3*o + 3. Give y(4).
1
Let s(m) = -2 + 3 + 5 - m. Give s(0).
6
Let r(j) = j**2 - 3*j + 2. Suppose 3*t + 12 = -5*p, 4*p = -0*p + 3*t - 15. Let b = -1 - p. Calculate r(b).
0
Let i(k) = -5*k + 2. Let l(w) = w**2 - 9*w + 10. Let o be l(8). Calculate i(o).
-8
Let d(m) be the second derivative of -m**4/12 + 5*m**3/2 - 7*m**2 - 4*m. Let s be d(14). Let w(c) = -c**3 - c**2 - 3. What is w(s)?
-3
Let s(t) = t**2 + 10. Let z(c) = 4*c - 2. Let j(p) = -5*p + 3. Let g(o) = 5*j(o) + 6*z(o). Let b be g(3). Calculate s(b).
10
Suppose r = -3*t - 2, 5*r - 7 = -2. Let l(z) be the first derivative of -5*z**2/2 + z + 2. Calculate l(t).
6
Let p(g) be the second derivative of -g**3/6 + 3*g**2 - 14*g. What is p(5)?
1
Suppose j - 59 = -56. Let p(s) = s**3 - 5*s**2 + 3*s - 2. Determine p(j).
-11
Let p(t) = -3*t + t + 6 - t + 2*t. Suppose 5*f + 3*q - 7 = 6*q, -2 = -2*f + q. Let g be -2 - (f + 2/(-2)). Determine p(g).
6
Suppose 4*i - 9 = 7*i. Let z(b) = b**2 + 4*b + 2. What is z(i)?
-1
Let r(t) = t - 3. Let q = 32 - 26. Give r(q).
3
Let p(q) be the third derivative of q**7/2520 - q**6/180 + q**5/120 - q**4/12 + 5*q**2. Let o(v) be the second derivative of p(v). Give o(3).
-2
Let y(n) = 5*n